ighest common factor of 75 and n.
75
Let h = -28 + 33. Suppose 4*d + o = 7, 3*d - 2 = o + h. Suppose -3*y + 50 = d*y. Calculate the highest common factor of y and 110.
10
Let g be (-2)/(-1 - 5/45*-3). Suppose -23 = w + 5*f, -5*f - 10 - 21 = 2*w. Let j = w - -41. What is the highest common factor of g and j?
3
Suppose -28*x + 6645 + 7355 = 0. What is the highest common factor of 4 and x?
4
Let i = -46 + 75. Suppose i*v - 22*v - 91 = 0. Calculate the highest common divisor of v and 104.
13
Let h = 879 - 676. What is the highest common factor of 14 and h?
7
Suppose -3*w - 2*w = -135. Suppose 737 + 1019 = -27*s + 8317. What is the highest common factor of w and s?
27
Let j be -1 - 3*60/(-9). Let g = 27 - j. Let h be (g/(-6))/((-4)/6). What is the greatest common divisor of 8 and h?
2
Suppose -76*z + 711 = -3241. Let n(v) = 16*v - 2. Let m be n(5). What is the highest common divisor of m and z?
26
Suppose -5*y - o + 6*o + 35 = 0, 0 = 2*o. Calculate the highest common factor of y and 2.
1
Suppose 5*r + 44 = r. Let x(d) = 13*d + 54. Let w(y) = 7*y + 27. Let s(v) = r*w(v) + 6*x(v). Let n be s(0). Calculate the highest common factor of n and 18.
9
Suppose -4*t + 3*x + 596 = 0, 229 = 2*t - 5*x - 55. Calculate the greatest common divisor of t and 16.
8
Let s(y) = 5*y**2 - 3*y - 3. Let f(h) = 11*h**2 - 7*h - 6. Let x(t) = 6*f(t) - 13*s(t). Let r be x(7). What is the greatest common factor of 248 and r?
31
Let l = -35 - -56. Let k = -8 + l. Calculate the highest common factor of 91 and k.
13
Suppose -16*f + 11*f = 5*a - 130, 158 = 5*f - 2*a. What is the greatest common divisor of f and 1470?
30
Let h be (-32)/(-2) - ((-6)/6 - 5). Suppose 0 = 5*z + 20, -4*n - 284 = -7*n + 5*z. Calculate the greatest common divisor of n and h.
22
Suppose 2*r - 2*b - 22 = 0, 12*r + 4*b - 10 = 10*r. Calculate the highest common divisor of 576 and r.
9
Suppose 5 = -s, 2 = 3*f - s - 9. Let q(v) = 2*v**3 + 17*v**2 - 8*v + 20. Let z be q(-9). Calculate the highest common divisor of f and z.
1
Let x be 4/(-28) - (-16079)/(-147)*-3. Calculate the greatest common divisor of 123 and x.
41
Let i be ((-133)/35 - (-8)/10) + 250. Calculate the highest common divisor of i and 57.
19
Let c(r) = -2*r - 4. Let h be c(-1). Let n be h - (-11)/((-55)/(-260)). Calculate the greatest common divisor of n and 100.
50
Suppose 5*d = 3*d + 88. Let o be 0*3/(-6)*-1. Suppose 5*j - 30 = -o*j - 5*u, -3*j + 53 = -4*u. What is the greatest common divisor of d and j?
11
Let y = -21 + 41. Let i be (8/(-10))/((-32)/160). What is the greatest common divisor of y and i?
4
Let a = -6 - -19. Suppose -2*n + 8 = -5*w - 8, -2*n + 4*w + 18 = 0. Calculate the highest common factor of a and n.
13
Let f be (-205)/(-9) - 46/(-207). What is the greatest common divisor of 115 and f?
23
Suppose -7*h + 4*l + 864 = -2*h, 0 = 2*l - 8. Suppose 9*w = 7*w + 136. Let k = w + -46. What is the highest common divisor of h and k?
22
Let t(u) = 2*u**3 + u**2 - u + 3. Let n be t(-3). Let p = n + 105. What is the highest common divisor of 6 and p?
6
Let j(l) = -l + 5. Suppose -4*b + b = -6. Let w be j(b). Suppose 3*v = 4*v - 6. What is the greatest common divisor of v and w?
3
Let s be (-1 - 9)*189/(-6). Suppose -3*r = 4*f - 475, 3*f - s = -2*r - 0*r. What is the greatest common factor of 33 and r?
33
Suppose 27 - 3 = 2*f. Suppose -5*o - h = -354 - 123, -3*o = 2*h - 282. Calculate the highest common divisor of f and o.
12
Let d be (-1*1)/(64/(-1984)). Calculate the greatest common factor of d and 2077.
31
Suppose 2*n - 772 = -2*m, 4*n = -m - 879 + 2417. Calculate the greatest common factor of n and 12.
12
Suppose 0*n = 5*n + d - 130, -n = -5*d - 26. Let f be (104/32)/(-2*2/(-16)). Calculate the highest common factor of f and n.
13
Let b be (44/(-10))/(30/(-900)). What is the greatest common factor of 66 and b?
66
Let d be ((-2)/(-1) - 1) + -18. Suppose 2*g - 49 - 115 = 0. Let o = g + d. Calculate the highest common factor of 13 and o.
13
Suppose -5*j + 4*z + 58 = 0, -4*z + 0*z - 8 = 0. Suppose 0 = 2*v - 4*v - 3*y + 144, -j = -5*y. Let h = v + 6. Calculate the greatest common factor of 25 and h.
25
Suppose -11*h - 482 = -658. What is the greatest common divisor of h and 656?
16
Let b(n) = n**3 - 4*n**2 - 4*n. Let i be b(5). Suppose i*u - g - 16 = 0, 2*g - 4 = 5*u - 16. What is the greatest common divisor of 4 and u?
4
Let i = 41 + -29. Let f = 41 - -31. Calculate the greatest common divisor of f and i.
12
Suppose j = -0*j + 5. Suppose 0 = j*c - c - 4. What is the highest common factor of 3 and c?
1
Suppose 2*w + 4 + 10 = 0. Let x(c) = -4*c + 20. Let z be x(w). Calculate the highest common divisor of 24 and z.
24
Let x(j) = j**3 - 7*j**2 + 6*j + 15. Let n be x(6). Let q = n + -6. Calculate the greatest common divisor of 36 and q.
9
Suppose -35 = -s - 4*s. Suppose -s*x = -2*x + 5*t - 185, -3*t = 9. What is the greatest common divisor of 16 and x?
8
Let t = -319 - -334. What is the highest common factor of 5 and t?
5
Let r be 1/(3 - (-92)/(-32)). Let v be (-2)/(1/((-20)/r)). Suppose -3*k = -s - 30 - 25, -v*s = 20. Calculate the greatest common divisor of 136 and k.
17
Let x(f) be the first derivative of -f**3/3 + 10*f**2 + 38*f + 7. Let l be x(16). What is the greatest common factor of 68 and l?
34
Let v be 1 - 38*24/(-8). What is the greatest common divisor of 92 and v?
23
Let h(b) = 7 + 0*b + 2*b - 3*b + 2*b. Let s be h(-3). Suppose f + 4 = 0, 3*q - 2*f - 544 = -s*f. What is the greatest common factor of q and 23?
23
Let s = 265 - 50. Suppose 24*b = -34*b + 2494. What is the highest common divisor of s and b?
43
Suppose 2*h - 4*c = 24, -28 = -2*h + 3*c - 8. Suppose -5*s + 3*b + 105 = 0, 2*b - b - 67 = -h*s. Calculate the highest common divisor of 12 and s.
6
Let z(r) = r**2 - 4*r. Let c be -1*3 + (6 - 6). Let w be ((-1)/c)/(7/105). Let s be z(w). Calculate the greatest common divisor of s and 55.
5
Suppose -2*c - 5 = -3. Let u be (-3)/c*(-8 + 13). Calculate the greatest common divisor of u and 150.
15
Suppose -32*j + 2 = -30*j, -31 = -4*l - 3*j. Calculate the greatest common factor of l and 4.
1
Suppose -u = 4*m - 4, -m + 2*m + 20 = 5*u. Suppose 3*b + 3*z - 335 = -119, 3*z = m. Calculate the highest common divisor of b and 24.
24
Suppose 3*a + 3*i = 96, -14*a = -18*a + i + 148. Let c(z) = 3*z**2 + z + 4. Let r be c(-4). What is the highest common divisor of r and a?
12
Let p = 12 + -10. Let o be p*124/8 - 1. Suppose -2*l + l = -o. Calculate the highest common divisor of 120 and l.
30
Let j(o) = -o**3 + 4*o**2 - 2*o + 2. Let v be j(3). Suppose -v*s - 9 = -5*c - 49, s - 17 = -2*c. Calculate the greatest common divisor of 55 and s.
11
Let f be (-8 + 4)/(2/(-7)). Suppose 2*b - 16 + 2 = 0. What is the greatest common factor of b and f?
7
Let h be 7 + (3 - (-10 + 2)). Calculate the highest common factor of h and 315.
9
Let b = 71 - 50. Let l(q) = 4*q**2 + 32*q + 11. Let j be l(-8). Let a(v) = v**2 + 7*v - 9. Let d be a(j). Calculate the highest common divisor of d and b.
21
Let v(h) = -9*h - 88. Let d be v(-11). What is the highest common divisor of d and 176?
11
Suppose q = 5*p - 27, -4*q + 29 = 5*p - 6*q. Suppose p*i = h + 324, 4*i - 2*h - 167 - 91 = 0. Let j = i + -26. What is the greatest common divisor of j and 13?
13
Suppose 2*p - 3*q - 56 = 0, p = -p - 4*q + 56. Suppose 73 = 3*g + p. Calculate the greatest common factor of g and 30.
15
Let n(p) = p**3 + 13*p**2 - 3*p - 13. Let j be n(-13). Suppose 0*w - j = -2*w. Let x be 2/3 - w/(-3). What is the highest common divisor of 55 and x?
5
Suppose -48 = 5*l - l. Let p be (8/l)/(-1*(-1)/(-69)). Calculate the greatest common factor of 23 and p.
23
Let m(k) = k**2 + 3*k - 4. Let s be m(4). Suppose 7*f = 5*f - s. Let g be 5 - (-4)/((-16)/f). What is the highest common divisor of 2 and g?
2
Let v = -3 - -14. Suppose 0 = -2*p - v + 47. What is the highest common factor of 18 and p?
18
Suppose -97 - 438 = -5*f - 5*h, -5*f + 2*h = -500. Calculate the highest common factor of f and 136.
34
Let d = -22 - -26. Suppose 3*x = p + p - 1, 35 = 5*x + d*p. Suppose 0*v + 36 = x*v. Calculate the greatest common factor of v and 108.
12
Let n be (1 - 4) + 10*1. Suppose -n*v = -4*v - 51. Let w(k) = k - 15. Let y be w(v). What is the highest common factor of y and 5?
1
Suppose -d + 15 = n - 6, 0 = 4*n - 3*d - 77.